 h is divided by 16.
12
Let p = 284 + -285. What is the remainder when (-29)/(-1)*(3 - p) + 0 is divided by 20?
16
Let v(y) = 2*y**3 + 34*y**2 + 32*y - 35. Let c(u) = -u**3 - 17*u**2 - 16*u + 17. Let w(h) = 5*c(h) + 3*v(h). What is the remainder when w(-15) is divided by 24?
22
Let u(c) = 18*c - 187. Let o(s) = -s**2 + 7*s + 14. Let h be o(7). What is the remainder when u(h) is divided by 20?
5
Suppose -u - 127*n = -132*n - 1, 4*u + n = 88. What is the remainder when u is divided by 1?
0
Let r(p) = p**3 + 12*p**2 - 31*p - 25. Let n be r(-14). Let w = -17 + n. Suppose w = -12*s + 11*s + 21. What is the remainder when s is divided by 8?
5
Suppose -35*y = 96*y - 35370. Calculate the remainder when y is divided by 21.
18
Suppose -3*o + 15 + 0 = 0. Suppose 27 = -3*r - 3*d, d = 2*r - 4*d - 3. Calculate the remainder when (8/r)/(o/((-405)/18)) is divided by 4.
2
Suppose 0 = 2*w + 2*w + 36. Let n = w - -25. What is the remainder when 26 is divided by (14/(-8))/((-2)/n)?
12
Let r(a) = 2*a + 18. Let f be r(-8). Let m be (-2 + -1)/((-9)/(-9))*-2. Calculate the remainder when 9 is divided by 27/m - 1/(-4)*f.
4
Suppose -2*m + 6*m = -260. Let y = 57 + m. What is the remainder when 23 is divided by 4/y - 29/(-2)?
9
Suppose 0 = -5*m + 5*f + 85, -3 - 1 = 4*f. Suppose m*u - 17*u - 11 = 0. Let a = u + 70. Calculate the remainder when a is divided by 31.
28
Let l = 52632 + -52599. Calculate the remainder when 80/6*(0 + 3) is divided by l.
7
Let d(r) = r - 7. Let w be d(10). Suppose 8*p - w*p - 290 = 0. Let u = -33 + p. Calculate the remainder when 49 is divided by u.
24
Let s = 895 + -626. Let u(k) = k**3 - 23*k**2 + 54*k + 147. Calculate the remainder when s is divided by u(20).
26
Let k = -8208 + 8577. Calculate the remainder when k is divided by 13.
5
Calculate the remainder when 1383 is divided by (-102)/10*(584 - 589).
6
Let c = 408 - 400. Calculate the remainder when 43 is divided by c/2*(-175)/(-28).
18
Let r = 32 - 20. Let s(x) = 36*x + 58. Let w(h) = -15*h - 29. Let k(y) = 6*s(y) + 14*w(y). Calculate the remainder when k(r) is divided by 3.
2
Let r = 15 - 13. Let u = 29 + r. What is the remainder when (-32)/(-2)*-3*23/(-12) is divided by u?
30
Let r be 1/(27/6) - (-832)/(-18). Let u = -8 + r. Let j = 72 + u. Calculate the remainder when 34 is divided by j.
16
Suppose -4*i - 2*l + 196 = 0, -i + l = 4*i - 238. Suppose -537 - i = -5*y. Let m(s) = -2*s + 20. What is the remainder when y is divided by m(0)?
17
Let n = -444 + 864. Let y = n + -240. Suppose -c + y = c. Calculate the remainder when c is divided by 13.
12
Let m = 19149 + -18421. Calculate the remainder when m is divided by 255.
218
Suppose -22 = -d + 4*k, -66 = -3*d + 48*k - 53*k. Calculate the remainder when 829 is divided by d.
15
What is the remainder when ((-616)/132)/((-4)/306) is divided by 40?
37
Let f = 264 + -169. Let j = -11292 - -11298. What is the remainder when f is divided by j?
5
Suppose -k = 3*r - 51, -10 - 7 = -r - 2*k. Suppose 0 = -u - 14 + r. Calculate the remainder when 119 is divided by u.
2
Let r = -2393 - -2615. Calculate the remainder when r is divided by 12.
6
Suppose u - 10 = -4*u, -2*r + 340 = -2*u. What is the remainder when 463 is divided by r?
119
Let f(u) = -3*u**2 - 3*u - 19. Let o(p) = 16*p**2 + 14*p + 95. Let y(v) = -11*f(v) - 2*o(v). Calculate the remainder when 84 is divided by y(-8).
41
Let p = 26 - 2. Let s = 564 + -549. Suppose -s = 51*j - 219. Calculate the remainder when p is divided by j.
0
Calculate the remainder when 1152 + (27/(-9) - 20) is divided by 127.
113
Suppose 94*p = 421 + 18567. Calculate the remainder when p is divided by 74.
54
Suppose -3*d + 2*h = 683, 5*h + 167 + 320 = -2*d. Let a = d + 364. Suppose 82*t - 988 = 131*t - 80*t - 151. What is the remainder when a is divided by t?
25
Suppose -24 - 12 = -4*f. What is the remainder when 126/f*(-2 + 21/2) is divided by 30?
29
Let i(u) = u**3 - 10*u**2 - 13*u + 16. Let d be i(11). Let b be (2 + 27/d)*(-1 + -1). Suppose b*q - 31 = 64. What is the remainder when 34 is divided by q?
15
Let b = -574 + 649. What is the remainder when b + (18/2 - 10/2) is divided by 66?
13
Let v be (3/(-2))/((-5)/(-200)*-4). Suppose -3*o = -3*j + 33, 0 = 14*o - 19*o + v. Calculate the remainder when j is divided by 2.
0
Let y be -3 - (-4 - 1) - (-116)/2. Suppose g - 68 = -y. Calculate the remainder when (110/(-4))/(2/(-4)) is divided by g.
7
Let c(q) = -48*q - 3. Suppose -4068*h = -4075*h + 35. Calculate the remainder when c(-4) is divided by h.
4
Let l = -28595 - -28854. What is the remainder when 5686 is divided by l?
247
Suppose 7987*d - 1178 = 7980*d + 2574. Calculate the remainder when d is divided by 6.
2
Let m = -11412 + 11443. Let j = -17 - -28. What is the remainder when m is divided by j?
9
Let g(w) = 2*w**2 + 2*w - 13. Let u be g(4). Let q(d) = d**3 - 24*d**2 - 58*d + 5. What is the remainder when q(u) is divided by 63?
59
Let y be (263835/(-36))/(-13) + (-2)/(-8). Suppose 0*i + y = 12*i. Calculate the remainder when i is divided by ((-28)/6)/(2/(-3)).
5
Let j = 29283 - 24670. Calculate the remainder when j is divided by 171.
167
Let j = 23 + -20. Suppose 0 = -j*g + 9 - 0. Suppose g*y = -b + 280, 2*y - 86 = -2*b + 102. Calculate the remainder when y is divided by 12.
9
Suppose -7*m = -18 - 122. Let f = -24 - -38. What is the remainder when 9*(1*2)/(m/30) is divided by f?
13
Let n(j) = -j**2 + 22*j - 53. Let f be n(19). Let r(c) = c**3 - 6*c + 11. Calculate the remainder when r(f) is divided by 4.
3
Let w be ((-18)/21)/(54/(-252)). Suppose w*r = 6*j - 7*j + 94, -j + 2 = 0. What is the remainder when 183 is divided by r?
22
Let q(l) = l**3 - 5*l**2 - 9*l - 3. Let m(p) = p**3 + 7*p**2 - p. Let d be m(-7). Let w(r) = 3*r - 33. Calculate the remainder when q(d) is divided by w(17).
14
Calculate the remainder when 3159 - ((-26 - -6) + 22) is divided by 39.
37
What is the remainder when 384 is divided by (-542)/(-26) + 0 + -22*(-39)/5577?
6
Let h(j) = -j**3 + 4*j**2 + 117*j + 7. Calculate the remainder when 1224 is divided by h(13).
6
Let n(v) = -3*v**2 - 37*v - 14. Let c(r) = -2*r + 2. Let s(f) = 2*c(f) - n(f). What is the remainder when s(-13) is divided by 33?
30
Let i(f) = 2*f**3 + 19*f**2 - 32*f + 14. Let o be i(-11). Suppose -34 = -o*q + 35. Let k = -180 + 314. What is the remainder when k is divided by q?
19
Let l = -21233 + 21587. What is the remainder when l is divided by 337?
17
Let o(t) = 4*t + 4. Let s = 1451 + -1372. Calculate the remainder when s is divided by o(6).
23
Let h be 44/10 + ((-85)/25 - -3). Suppose -3*f - 56 = -7*f - 4*s, -38 = -2*f - h*s. Calculate the remainder when -4*43*1*(-1)/4 is divided by f.
7
Let i = -103 + 209. Suppose -3*h - 4*p - 44 = 20, h = -3*p - 28. Let y = 43 + h. What is the remainder when i is divided by y?
25
Let p(q) = q**2 - 3*q + 661. Let y be p(0). Suppose 0 = -i - y + 783. Calculate the remainder when i is divided by 63.
59
Let z = -9960 - -10391. What is the remainder when 908 is divided by z?
46
Let f(g) = 19*g - 4. Let z(m) = m**2 - 9*m + 17. Let n be z(2). Calculate the remainder when 157 is divided by f(n).
51
Suppose -1555*p = -1594*p + 156. What is the remainder when 468 is divided by p?
0
Let d(g) = 6*g**3 - 4*g**2 + 2*g + 1. Let p(r) = -548*r - 5982. What is the remainder when d(3) is divided by p(-11)?
41
Let s(v) = -170*v + 8. Let w be s(-2). Suppose 28 - w = -10*j. What is the remainder when 63 is divided by j?
31
Let m = 54681 - 10433. Calculate the remainder when m is divided by 25.
23
Let s = -107 + 117. Suppose 5*b - 122 - 148 = 0. What is the remainder when 2 - b/(2/(-1)) is divided by s?
9
Let d be (-10)/(-50)*(-1 - -51). Suppose d*x + 1092 = 3082. Calculate the remainder when x is divided by 17.
12
Let f = 34789 + -34646. Suppose 2*b = l - 47, 166 + 35 = 4*l + 5*b. Calculate the remainder when f is divided by l.
45
Calculate the remainder when 1198 is divided by (186/(-12)*(-209)/(-22))/(2/(-8)).
20
Let l = -3238 + 4614. Calculate the remainder when l is divided by 106.
104
Let d = 6169 + -6139. Calculate the remainder when 1595 is divided by d.
5
Suppose 0 = -2*j + 239 + 91. Calculate the remainder when j is divided by ((-15)/(-45))/(4/672).
53
Let d(m) = -2*m - 5. Calculate the remainder when 8/(-12)*(-36)/8 - -35 is divided by d(-9).
12
Le